- 5) + 5 + -85 + 86 + (-1 - 7).
-20
0 + 12 + (-37 - -31 - -8) + (11 - -1)
26
What is (-49 - -47 - 17) + 38?
19
Calculate (13 - 141) + (-64 - -130).
-62
Evaluate 204 + -124 + -6 + 2 + -4.
72
Calculate -46 - -4 - (93 + (-36 - 44)).
-55
Calculate 6 + -22 + (380 - 398).
-34
Evaluate 120 - 121 - (26 + (0 - (2 - 1 - 4))).
-30
Calculate 86 - (-3 + -75 + 150).
14
Evaluate -1 - (78 - 4) - (-261 - -242).
-56
Evaluate 84 + -106 + -8 + 17.
-13
Calculate 13 - ((-1 - -2) + -9 + -81 + 75).
27
What is (-64 - -33 - (-9 - 2)) + -8 + 9?
-19
(-183 - -173) + (-23 - (2 + -8 - -4))
-31
What is (0 - -10 - 20) + -3 + -1 + -7 + 5?
-16
What is the value of (-3462 - -3548) + (-107 - 2)?
-23
Calculate 81 + (-156 - (36 + -17)).
-94
Evaluate (15 - -3) + 14 - (-6 + -4 + 23).
19
Evaluate 9 - ((-11 - 1 - (10 - (8 + -104))) + 7).
120
What is -34 - -4 - (24 + 11 + -13)?
-52
Evaluate (72 - 7 - (65 - 63)) + -4.
59
Evaluate 23 - (-94 + 32 + 8).
77
What is the value of -9 + 52 - (39 + -21 - (0 + 6))?
31
What is -19 - (12 + (-12 - 4)) - -4?
-11
21 + (-4 - -21 - (-28 + 30))
36
Calculate (31 + -28 - 36) + 37 - -51.
55
Evaluate 62 + 1 + (-35 - (-35 - 5)) + -19.
49
Evaluate 11 + 16 + -18 + 20 + -3.
26
Evaluate (-15 + 7 + 4 - -48) + -60 + 54.
38
1 + 20 + (4 - (68 - 55))
12
Calculate (81 - 135) + 128 + -78.
-4
Evaluate -64 - 55 - (10 + -96).
-33
Evaluate 77 + -11 + (7 - 6) + 6 - (-40 - -51).
62
Calculate -34 + (-14 - (-29 - (30 + 6))).
17
Calculate 47 - 2 - (-27 + 44 + -3).
31
What is the value of (-2 + -12 + 7 - 1 - (-3 - 3)) + -1?
-3
Calculate 0 + (42 - 72 - 46) + -18.
-94
What is the value of 4 + (-9 - (-2 - (2 - 3) - 5)) - -99?
100
Evaluate 8 + -7 + 1 + -99 + (179 - 178).
-96
-101 + -67 + 168 + -62
-62
What is the value of 25 + -27 + 34 + (0 - -18)?
50
What is the value of (144 - -2) + 9409 + -9500?
55
What is (17 - (5 - 1 - 0)) + 293 + -290?
16
-18 + -10 + 6 - ((4 - 6) + -5)
-15
9 + 1 - (-2 - -2) - (73 + 11 - 10)
-64
Calculate -218 + (233 - 134 - -50).
-69
What is 1 + 36 - (10548 + -10492)?
-19
Calculate -9 - (-53 + 9 + -8) - (-9 - -16).
36
Calculate 5 + 2 - (6 + (6 - 12)) - -6.
13
Calculate -41 + 65 - (22 + 5 + -4).
1
0 + -6 - (-36 - (-43 - (0 - 11))) - 60
-62
Calculate 24 + (0 - -11) + -183 + 187.
39
Evaluate -4075 + 4017 - (-3 + -82).
27
Calculate -4 + ((0 - 1) + 1 + -33 + 38 - 12).
-11
(4 - -12) + (-28 - -21) + -21
-12
(12 - -26) + -6 + 2
34
What is -23 + (44 - 8) - 44 - -88?
57
What is the value of 111 - (-15 - (6 + (-17 - 15 - 11)))?
89
What is the value of -46 + 58 + -79 + 5?
-62
What is 12 - (82 - 27 - 86)?
43
What is (-1 + -5 - (34 - 49)) + (9 - 0 - 71)?
-53
2 - (-1 + -4 + (-3 - -4) + -2) - 23
-15
Calculate -19 + -58 + 201 + -26.
98
Evaluate (-5 - -23 - 28) + 97 - (-1 - -9 - 3).
82
What is the value of -3 + 42 - ((0 - 1) + 19 + -17 + -6)?
44
Evaluate (44 - -40) + -116 + 8.
-24
What is the value of (-11 - (2 - 9)) + -91 + -13 + -5?
-113
What is the value of 4 + 23 - ((-4 - -1) + (66 - (140 - 67)))?
37
What is (-81 - -95) + (1 - 27) + -13 + -8 + 10?
-23
6 - (34 - 34 - (-3 + 3 - 0))
6
What is the value of 11 - 10 - (90 - 146)?
57
Calculate (60 + 20 + -83 - (-5 + 0)) + (4 - 1).
5
535 + -486 + -5 + 1 + (-6 - -1)
40
Evaluate ((3 - 3) + -3 - -22) + (185 - 195) + 74.
83
Calculate (35 - 14 - 18) + 9 - 0 - (0 - -22).
-10
Calculate 30 + -13 + 8 + (-19 + 12 - -3).
21
What is -6 + -13 + 15 - ((-75 - -2) + 2 + -3)?
70
Calculate -8 + 12 + 0 + (-1 - 7) - -3.
-1
Evaluate (-44 - -244) + -76 - 55.
69
What is 78 + -83 - (-10 + 2 + -5 + 77)?
-69
What is (2 - 9) + 93 + (26 - 14)?
98
What is -28 + 23 + 46 + -57 + -15?
-31
What is the value of -36 + 13 + (-30 - -8 - -14) + -16?
-47
Evaluate 3 + (-18 - -1) - (1707 - 1691).
-30
Calculate 4 - 2 - -62 - (-5 - 14 - (11 + -24)).
70
What is ((-66 - -62) + (-1 - -87) - (-9 - -8)) + -4?
79
Evaluate (-39 - -42) + -3 + (6 - (0 + 26) - -3).
-17
40 - (-73 - -81) - -7
39
Calculate -34 + -1 - ((23 - -1) + 465 + -506).
-18
-40 + (126 - 27) + -51
8
What is the value of -59 + -10 - -22 - (-83 - -39)?
-3
Evaluate -305 + 355 - (47 - 1).
4
What is 63 + 131 + -181 + (1 - 4 - 1)?
9
Calculate (-2 - -9) + (-7 - (-25 + 10 - -9)) + -81.
-75
5 + 1 + 47 + (13 - 58)
8
Evaluate (-31 + -1 - (8 + -51)) + -20.
-9
What is the value of (29 - (87 + (17 - 60))) + 13 + 0?
-2
Evaluate 1 + -5 + -9551 + 9477.
-78
What is the value of -55 - (-2 - -8 - 54)?
-7
What is -90 + 16 + 8 + 7?
-59
-288 + 254 - (6 + -13 - -83)
-110
-2648 + 2612 - (-1 - 6 - 0) - 8
-37
What is -53 + (37 - (-1 - -11) - 13) - 13?
-52
What is (-717 - -639) + (-1 - -4)?
-75
What is 2 - (-65 + (26 - 9 - -9))?
41
What is (-14 + 6 - -9) + (1 + 142 - (-279 - -285))?
138
Calculate 50 + 7 + -4 + 223 + -204.
72
Evaluate -13 - 0 - (-10681 - -10654).
14
-9 - (30 - -10) - -75
26
What is the value of -3 + 17 - (26 - (-60 + 42))?
-30
What is the value of (601 - 603 - (2 + 0 - 42)) + -8?
30
What is 8 - (45 + 4 + 16 - 7)?
-50
(-30 - -4) + -156 + 191
9
What is the value of 9 - (3 + -12 + -3 - (-42 - -39))?
18
What is the value of 12 - (5 + 3 + -9) - (-2 + 0)?
15
14 + (0 + -44 - (-11 - -29 - 35))
-13
What is the value of 1 - 1 - 33 - (218 - 208) - -5?
-38
What is the value of -90 + (10 - -39) + 26?
-15
What is (-11 - 7) + (2 - (-16 - -7) - 18)?
-25
What is the value of (-1 - (26 + (-7 - 56))) + -22?
14
What is the value of (-3 - 46) + (-197 - -178)?
-68
What is the value of (-165 - -249 - 132 - (3 - (-1 - 0))) + -4?
-56
Evaluate (1 - 4) + (5 + -9 - (-16 - (28 + 4))).
41
Evaluate (-20 - (-7 + -26) - 17) + 1 + 1.
-2
3 - ((-18 - 4) + (-34 - (24 + -26)))
57
What is 39 + (-25 - 41) - 62 - -46?
-43
Evaluate -4 - -55 - ((-7 - 33) + 7).
84
What is the value of (9 - (1 - -2)) + 5 + (-33 - (-8 + 27))?
-41
What is 75 - (202 + -121 - -44)?
-50
Evaluate 1 - (-39 - -25 - -48 - 16).
-17
Calculate (7 - (-5 + 7)) + 229 + -230.
4
-1 + (-7 - -1) + (-277 - (-97 + -142))
-45
What is -42 + 37 + (-47 - (1 - 2))?
-51
-465 + 469 + (-3 - (-2 + 1) - 36)
-34
(9 - 1 - (31 - -45)) + 5 + -2 + 8
-57
(-42 - (-33 - 7)) + -7
-9
What is -71 + -1 - (-2823 - -2778)?
-27
Evaluate -1807 + 1717 - (7 - 75).
-22
-35 + (66 - 35) - 17
-21
224 + (42 - -21) + -169
118
Calculate (-11 + 3 + -2 - -13) + -16 + 4 + 71.
62
Evaluate (56 - (6 + 29)) + -67 + -19.
-65
Calculate -7 + (-24 - -3) + 42 + -16 - (1 + 76).
-79
Calculate 11 + 0 + 161 + -169 - (-7 - 5).
15
What is the value of -18 + 2 + 0 + 10 + (-2 - -5) - 26?
-29
What is 10 - 179 - -160 - (0 + 30)?
-39
(-50 - -53 - -22) + -11
14
What is the value of 77 + -64 + ((6 - -5) + -7 - -5)?
22
What is the value of -182 + -220 + 497 + (1 - 28)?
68
Evaluate 78 - (10 - (25 + -31)).
62
3 + ((-17 - -6) + 44 - -67)
103
Evaluate -37 + (-15 - -18) + 24.
-10
Evaluate (67 - (-8 - (-6 - 18))) + 21 + -8.
64
Calculate -19 + 16 + (-40 - -24) + -3 + 60.
38
Evaluate (1450 - 1461) + 0 + 33.
22
-2 + (-14 + 2 - (685 - 592))
-107
What is -2 + 4 - (-18 + 0 - -15)?
5
What is the value of 1036 + -988 + (1 - 96)?
-47
Calculate 126 + -91 + -40 + 9.
4
Evaluate -94 + -4 + 39 + 137.
78
Evaluate (-1 - -12) + -4 + 7 + -15 + -5.
-6
((-11 - 14) + 30 - -23) + 9 - (1 + -10)
46
-226 - -190 - (-65 - (13 - 11))
31
What is the value of -73 - (-60 - 6) - (-60 - (5 - 3) - -1)?
54
Calculate 6 + -1 + 25 - (525 + -551).
56
1406 + -1467 - (-43 + 2) - -120
100
What is the value of 19 + -25 + -40 - (8 + -8 + -8)?
-38
-67 + (36 - -4) + 7 - -92
72
What is -2 - 6 - (-26 - ((-27 - -4) + -8)) - -38?
25
65 + -108 - 20 - -30
-33
Evaluate 20 + (-84 - (-37 - -43)).
-70
Evaluate 77 - (-72 + -90 + 314).
-75
Calculate 2 + -1 - (15 - -14 - 11).
-17
Evaluate 38 - 3 - (-4 + (75 - 60) - (9 + 1)).
34
Evaluate 27 + (40 - 90) + -72 + -2.
-97
Evaluate (13 - (-12 + 66)) + 220 + -194.
-15
Evaluate 7 - 57 - (1 - -5) - (-12 + 39 + -29).
-54
What is the value of 96 - (72 + -40 - -41)?
23
76 + 28 + -7 + -181
-84
Calculate -151 + (88 - (-21 + 3)).
-45
What is 5 + -3 + 12 - (0 - 8)?
22
Evaluate 33 + 4 - (-29 + -74 + 125).
15
Calculate 6 + 25 + (9 - (-3 + -11 - (-18 + -13))).
23
What is the value of -70 - (-26 + (23 - -2))?
-69
Calculate 750 - 753 - (1 + -16) - 29.
-17
Evaluate -11 - (-13 + 17) - -137 - (-62 + 60).
124
Calculate -72 + 1 + 11 + -6 + -8.
-74
Calculate -10 + -2 + 182 + -31 + -20.
119
What is -20 + 38 + -56 + 55?
17
What is the value of (-69 - -24 - (8 - 120)) + (-1 - 10)?
56
Evaluate (-13 - -39) + -